{"id":15150,"date":"2019-03-17T12:38:56","date_gmt":"2019-03-17T11:38:56","guid":{"rendered":"https:\/\/sisiset.es\/?post_type=product&#038;p=15150"},"modified":"2020-10-10T13:45:23","modified_gmt":"2020-10-10T11:45:23","slug":"sonata-para-viola","status":"publish","type":"product","link":"https:\/\/sisiset.es\/en\/producto\/sonata-para-viola\/","title":{"rendered":"Sonata for Viola"},"content":{"rendered":"<div class=\"su-tabs su-tabs-style-default su-tabs-mobile-stack\" data-active=\"1\" data-scroll-offset=\"0\" data-anchor-in-url=\"no\"><div class=\"su-tabs-nav\"><span class=\"\" data-url=\"\" data-target=\"blank\" tabindex=\"0\" role=\"button\">Description<\/span><span class=\"\" data-url=\"\" data-target=\"blank\" tabindex=\"0\" role=\"button\">Miguel Giron\u00e9s<\/span><\/div><div class=\"su-tabs-panes\"><div class=\"su-tabs-pane su-u-clearfix su-u-trim\" data-title=\"Description\">\n<p><strong>Sonata for Viola<\/strong>.\u00a0Composed during the student years and revised for this second edition, the Sonata for viola has neoclassical tints, partly imitating the styles of Shostakovitch and Hindemith. With three beats that respect the classic forms of sonata, ternary form and rondo, a work of medium difficulty is articulated for both interpreters and contrasting characters.<\/p>\n<p><span style=\"color: #000000;\">\u00a0<\/div>\n<div class=\"su-tabs-pane su-u-clearfix su-u-trim\" data-title=\"Miguel Giron\u00e9s\">\n<p><a href=\"http:\/\/www.miguelgirones.es\/\" target=\"_blank\" rel=\"noopener noreferrer\">Miguel Giron\u00e9s<\/a> is born in Valencia in 1975, he began his musical education at the age of 10, studying violin, piano, organ, musicology and composition.<br \/>\nIn 2002, he passed the competitive examinations in the speciality of Composition Functions.<br \/>\nAs an organist he has given concerts in the great organ *Cabanilles de l&#8217;Esgl\u00e9sia de la Companyia a Val\u00e8ncia, dins dels cicles que se celebrament habitualment en Advent, Quaresma i Pasqua. He has also played Sant Sebasti\u00e0 (Quinzena Musical Donostiarra) and Montblanc.<br \/>\nHe obtained a Master in Music from the Polytechnic University of Valencia, publishing part of his thesis as an article in the Revista *Quodlibet (February 2010), published by the Aula de M\u00fasica de la Universitat d&#8217;Alcal\u00e1 de Henares.<br \/>\nAmong his compositions are Sonata for viola and piano, the processional march for the band *Timete *Deum and *Concertino per a huit violes.<br \/>\nHe currently teaches at *ESMAR (Escola Superior de M\u00fasica de l&#8217;Alt Rendiment), as well as at the Conservatori Superior &#8220;Joaqu\u00edn Rodrigo&#8221; in Valencia. He also teaches an online analysis course for the *Gabou Institute, aimed at competitive examinations.<\/p>\n<p style=\"text-align: left;\"><\/div><\/div><\/div>","protected":false},"excerpt":{"rendered":"<h4 style=\"text-align: justify;\"><em><strong>Sonata for Viola.\u00a0<\/strong><\/em><\/h4>\n<p style=\"text-align: justify;\"><div class=\"su-spoiler su-spoiler-style-default su-spoiler-icon-plus su-spoiler-closed\" data-scroll-offset=\"0\" data-anchor-in-url=\"no\"><div class=\"su-spoiler-title\" tabindex=\"0\" role=\"button\"><span class=\"su-spoiler-icon\"><\/span>More<\/div><div class=\"su-spoiler-content su-u-clearfix su-u-trim\"><\/p>\n<p><span style=\"color: #c90c00;\">Miguel Giron\u00e9s<\/span><\/p>\n<p><span style=\"color: #000000;\"><strong>Pages:<\/strong><\/span> <span style=\"color: #c90c00;\">20<\/span><\/p>\n<p><strong><span style=\"color: #000000;\">Dimension:<\/span><\/strong> <span style=\"color: #c90c00;\">235 x 310 mm<\/span><\/p>\n<p><span style=\"color: #000000;\"><strong>ISMN:<\/strong><\/span> <span style=\"color: #c90c00;\">979-0-805407-18-0\u00a0<\/span><\/div><\/div><\/p>\n","protected":false},"featured_media":15147,"template":"","meta":[],"_links":{"self":[{"href":"https:\/\/sisiset.es\/en\/wp-json\/wp\/v2\/product\/15150"}],"collection":[{"href":"https:\/\/sisiset.es\/en\/wp-json\/wp\/v2\/product"}],"about":[{"href":"https:\/\/sisiset.es\/en\/wp-json\/wp\/v2\/types\/product"}],"wp:featuredmedia":[{"embeddable":true,"href":"https:\/\/sisiset.es\/en\/wp-json\/wp\/v2\/media\/15147"}],"wp:attachment":[{"href":"https:\/\/sisiset.es\/en\/wp-json\/wp\/v2\/media?parent=15150"}],"curies":[{"name":"wp","href":"https:\/\/api.w.org\/{rel}","templated":true}]}}

<div class="su-tabs su-tabs-style-default su-tabs-mobile-stack" data-active="1" data-scroll-offset="0" data-anchor-in-url="no"><div class="su-tabs-nav"><span class="" data-url="" data-target="blank" tabindex="0" role="button">Description</span><span class="" data-url="" data-target="blank" tabindex="0" role="button">Miguel Gironés</span></div><div class="su-tabs-panes"><div class="su-tabs-pane su-u-clearfix su-u-trim" data-title="Description">
<p><strong>Sonata for Viola</strong>. Composed during the student years and revised for this second edition, the Sonata for viola has neoclassical tints, partly imitating the styles of Shostakovitch and Hindemith. With three beats that respect the classic forms of sonata, ternary form and rondo, a work of medium difficulty is articulated for both interpreters and contrasting characters.</p>
<p><span style="color: #000000;"> </div>
<div class="su-tabs-pane su-u-clearfix su-u-trim" data-title="Miguel Gironés">
<p><a href="http://www.miguelgirones.es/" target="_blank" rel="noopener noreferrer">Miguel Gironés</a> is born in Valencia in 1975, he began his musical education at the age of 10, studying violin, piano, organ, musicology and composition.<br />
In 2002, he passed the competitive examinations in the speciality of Composition Functions.<br />
As an organist he has given concerts in the great organ *Cabanilles de l&#8217;Església de la Companyia a València, dins dels cicles que se celebrament habitualment en Advent, Quaresma i Pasqua. He has also played Sant Sebastià (Quinzena Musical Donostiarra) and Montblanc.<br />
He obtained a Master in Music from the Polytechnic University of Valencia, publishing part of his thesis as an article in the Revista *Quodlibet (February 2010), published by the Aula de Música de la Universitat d&#8217;Alcalá de Henares.<br />
Among his compositions are Sonata for viola and piano, the processional march for the band *Timete *Deum and *Concertino per a huit violes.<br />
He currently teaches at *ESMAR (Escola Superior de Música de l&#8217;Alt Rendiment), as well as at the Conservatori Superior &#8220;Joaquín Rodrigo&#8221; in Valencia. He also teaches an online analysis course for the *Gabou Institute, aimed at competitive examinations.</p>
<p style="text-align: left;"></div></div></div>

<h4 style="text-align: justify;"><em><strong>Sonata for Viola. </strong></em></h4>
<p style="text-align: justify;"><div class="su-spoiler su-spoiler-style-default su-spoiler-icon-plus su-spoiler-closed" data-scroll-offset="0" data-anchor-in-url="no"><div class="su-spoiler-title" tabindex="0" role="button"><span class="su-spoiler-icon"></span>More</div><div class="su-spoiler-content su-u-clearfix su-u-trim"></p>
<p><span style="color: #c90c00;">Miguel Gironés</span></p>
<p><span style="color: #000000;"><strong>Pages:</strong></span> <span style="color: #c90c00;">20</span></p>
<p><strong><span style="color: #000000;">Dimension:</span></strong> <span style="color: #c90c00;">235 x 310 mm</span></p>
<p><span style="color: #000000;"><strong>ISMN:</strong></span> <span style="color: #c90c00;">979-0-805407-18-0 </span></div></div></p>
